79 = 4*m. What is the ten thousands digit of h?
4
Let z be (0/(5/1))/1. What is the tens digit of z + 747 - (-2 - -5)?
4
What is the hundreds digit of 4*(-2)/(-1) + 406011/57?
1
Suppose -1543*g = -1570*g + 396684. What is the tens digit of g?
9
Let n be -6*(-3 - 224/6). Let x = n - 167. What is the tens digit of x?
7
Let j = 40491 - 23803. What is the thousands digit of j?
6
Suppose 5*l - 2*i = 23, -5 = 2*i - 7. Suppose -5 + 1 = -2*q - 4*j, 2*q = -l*j + 4. Suppose q*f - 5*k = 6*f - 216, 3*k = -4*f + 208. What is the tens digit of f?
4
Let l be (-11 + 12)*(1 - (-8 + 0)). Suppose -3*w = l, 0 = k - 0*k - w - 51. What is the tens digit of 2288/k + 4/3?
4
Let c(p) = 25*p**2 - 380*p + 117. What is the units digit of c(36)?
7
Suppose -1333*b = -1338*b + 5*i + 48465, 0 = 3*b + 2*i - 29104. What is the thousands digit of b?
9
Let i(s) = 5735*s**3 + 6*s**2 + 7*s - 9. What is the units digit of i(1)?
9
Suppose -590 = -a - v, -2*a - 10*v + 6*v = -1184. Suppose k + 2*j + 291 = 2*k, 2*k - a = -2*j. Let h = -184 + k. What is the units digit of h?
9
Let a(r) = r**3 + 6*r**2 + 2*r + 13. Let o be a(-6). Let z be (-72)/6 + o*2/1. What is the units digit of (-55*z/25)/(2/13)?
3
Let z = -7 + -18. Let w = -20 - z. Suppose 45 - 20 = w*y. What is the units digit of y?
5
Suppose 87*w - 8180 = 83*w. Suppose -14*h + 19*h = w. What is the hundreds digit of h?
4
Let n = -12346 + 23849. What is the ten thousands digit of n?
1
Let q(k) = -k + 19. Let t be q(17). Suppose -49 = i - t*i. Let d = 128 - i. What is the tens digit of d?
7
Suppose -22*f + 177656 + 20256 = 0. What is the units digit of f?
6
Let z(x) = -70*x - 131. Let m be z(-2). What is the thousands digit of m/(-36)*1546*-4?
1
Suppose -4*u = -23 - 61. Suppose 3*i + 3*l - u = 6*i, -3*i - 3*l = 9. Let w(m) = 4*m**2 + 4*m - 6. What is the units digit of w(i)?
4
Suppose 95 + 187 = -6*l. Let v = l - -90. Suppose 13*f + v = 14*f. What is the units digit of f?
3
Let z(a) = a**3 - 5*a**2 - 57*a + 67723. What is the hundreds digit of z(0)?
7
Suppose -63118 - 28338 = -53*q + 244935. What is the thousands digit of q?
6
Let h = 83114 + -38924. What is the hundreds digit of h?
1
Suppose -3*w + 18 - 138 = 0. Let k = 48 + w. What is the tens digit of (12/k)/((-15)/(-340))?
3
Let h(p) = -28*p - 96. Let j be h(-4). Suppose -4*n = j*n - 18060. What is the units digit of n?
3
Suppose -4*b - 6 + 14 = 0. Let d(g) = -b + 0 - 12 - 6 + 13*g. What is the units digit of d(8)?
4
Let l(z) = -54 - 125*z + 106*z + 12 + 72*z. What is the tens digit of l(6)?
7
Let y be (2 + -6)*(-3)/6. Suppose r + 3*h - 214 = 0, -3*h = -5*r + y*h + 1070. Let c = r - 133. What is the units digit of c?
1
Let u(i) = -i**2 + 3*i + 10. Let a be (0/3)/(5 - 3). Let v be u(a). Suppose -89 - 11 = -v*j. What is the tens digit of j?
1
Suppose 5*w + 3*y - 5094 = y, 5*w - 5085 = -5*y. Suppose -4*c + 2*p = -w, 0 = 3*c + 3*p + 138 - 912. What is the hundreds digit of c?
2
Suppose 0 = 9*b - 12*b + 9. Suppose -2*o = -b*u - 0*u, -4*o + 2*u = -8. Suppose -2*t + 3*m + 43 = -225, -o*m = -3*t + 396. What is the units digit of t?
8
Suppose -5*u - 177549 = -2*z, 314*u = 2*z + 310*u - 177542. What is the tens digit of z?
5
Let a be ((-4)/10)/(4/(-10)) - 5. What is the units digit of 1635519/1071 + a/42?
7
Let p(i) be the second derivative of -i**5/20 + i**4/4 + i**3/3 + 155*i**2 + 61*i. What is the tens digit of p(0)?
1
What is the tens digit of (-24 + 26)*((-30)/(-16))/((-9)/(-9948))?
4
Let m(h) = -4667*h + 2678. What is the hundreds digit of m(-3)?
6
Suppose 11*h - 14*h + 366 = 0. Suppose h = i + 27. Suppose -5*z - i = -6*z. What is the units digit of z?
5
What is the units digit of (-71)/(-142) - (-64757)/2?
9
Suppose -2*a - 5 = -y, 0*a + 3 = y - a. What is the tens digit of y/(3 + (1017/(-114))/3)?
3
Let u = 7729 - 3738. What is the hundreds digit of u?
9
Let w be (-3 - -6)/(2/2). Suppose -3*g = -5*t + 5, 4 = -w*t + 7. Suppose g = 3*y + 46 - 301. What is the tens digit of y?
8
Suppose -f + 10 = 4*f, 5*q - f - 3438 = 0. Suppose -3*o + 898 = 3*c + 208, -2*o + q = 3*c. What is the units digit of c?
8
Let x(z) = -15*z**3 + 2*z**2 - 2*z. Let q be x(1). Let t be ((140/q)/(-7))/((-4)/(-6)). Suppose -t*f = -f - 116. What is the units digit of f?
6
Let f(b) = b**3 - 11*b**2 - 7*b - 49. Let j be f(14). Suppose -j = -5*y - 4*m + 1171, -5*m + 1286 = 4*y. What is the hundreds digit of y?
3
Let o(t) = 3*t - 2. Let q be o(2). Let y = 252 + -256. What is the tens digit of (-92)/(q + 24/y)?
4
Suppose -12 = -4*d, -83 - 221 = -n - 3*d. Let l = n - 39. What is the tens digit of l?
5
Suppose 3*y - 2*y - 6 = 0. Let o = 1967 + -1956. Suppose y*b + 675 = o*b. What is the hundreds digit of b?
1
Suppose -5*a = -z + 27, 3*a - 34*z + 21 = -35*z. Let v(l) = -4 + 5*l**2 - 10*l - 4*l**2 - 12. What is the units digit of v(a)?
0
Suppose -2 = r - 4*v, 0 = 2*r - 0*r - 5*v + 16. What is the tens digit of ((-1043)/21)/(3/r)?
9
What is the tens digit of (-583008)/(-63) + (832/336)/(-26)?
5
Let r(w) = -17*w**3 - 19*w**2 - 49*w + 13. What is the ten thousands digit of r(-14)?
4
Let h(y) = -y**3 + 5*y**2 - 3*y + 19. Let l be h(4). Suppose -l = -r - 19. Let m = r + 104. What is the units digit of m?
8
Let z(o) = -379*o + 4. Let f(h) = 187*h - 2. Let r(a) = 7*f(a) + 3*z(a). What is the units digit of r(6)?
0
Let f(o) = o**2 - 32*o - 84. Let p be f(35). Suppose 5*r = 2*d + 86, 3*r = 5*d + 23 + p. What is the tens digit of r?
1
Suppose 14141 = 2*n + p, -5*p = 2*n - p - 14138. What is the thousands digit of n?
7
Suppose 670*x - 691*x = -99918. What is the units digit of x?
8
Let a(z) = -z**3 - z**2 + 11*z + 6. Let q be a(-4). Suppose 8*n = -2 + q. What is the tens digit of ((-1032)/6)/(-1 - n)?
8
Suppose -32*b + 29*b + 3*m = -8121, 2*b + 2*m - 5394 = 0. Suppose b = 2*p + 330. What is the thousands digit of p?
1
Let p(m) = m + 8. Let y be p(-5). Suppose y*z + 5*c = -2*z - 15, 5*z - c - 15 = 0. What is the units digit of (z + 17/(-4))/(3/(-96))?
2
Let d = 135 + -136. Let k(r) = -647*r - 3. What is the tens digit of k(d)?
4
Let o = 50888 + -28110. What is the hundreds digit of o?
7
Let n = 54 + -499. What is the units digit of (0 - 10/2) + (-59 - n)?
1
Let f(g) = -g**3 + 23*g**2 + 6*g - 136. Let r be f(23). Suppose 0 = 5*n - 3*l + 755 - 4101, 2*n - 1332 = -r*l. What is the hundreds digit of n?
6
Suppose 0 = -5*o - 10, -4*v + 64013 = 5*o - 30069. What is the thousands digit of v?
3
Let j(q) = -784*q + 19461. What is the ten thousands digit of j(12)?
1
What is the units digit of ((-618267)/(-13))/((-7)/(56/(-6)))?
2
Suppose -3*z + 86190 = 4*y, 5*y - 8*y = -2*z + 57477. What is the units digit of z?
4
Suppose 3*n = -4*d + 11683 + 9542, n + 1 = 0. What is the thousands digit of d?
5
Let s be (2/(-4))/(-2 - 63/(-30)). Let i(j) = 18*j**2 - 9*j - 23. Let f be i(s). Suppose 5*d = d + f. What is the units digit of d?
8
Let m = -2840 + 9032. What is the units digit of m?
2
Let q(d) be the third derivative of 5*d**4/24 + 2*d**3/3 + d**2. Let b = -34 - -42. What is the units digit of q(b)?
4
Let s(t) = -4*t - 3. Let y be s(-2). Suppose w - 53 = p, w + 0*p = y*p + 45. Suppose 0 = -4*i - 4*x + 228, 2*i - i - w = -2*x. What is the tens digit of i?
5
Let v(a) = -a**3 + 5*a + 5. Suppose -2*i - 2*i = -12. Let g be (-4)/i*((-6)/(-1))/2. What is the tens digit of v(g)?
4
Let d be (3 - (-3 - (-10 + 4))) + 5. Suppose d*b = 4*k - 2242, -b + 935 = 3*k - 756. What is the hundreds digit of k?
5
Let n(s) = -2*s**3 - 4*s**2 - 7*s + 4. Let i = -25 - -17. What is the hundreds digit of n(i)?
8
Let f(j) = -7*j + 4*j**2 + 0*j - 1 + 185*j**3 - 184*j**3. Let h be f(-6). What is the tens digit of (-6)/(h/132 + (-12)/(-72))?
8
Let h(z) = -24*z**2 + 55*z**2 + 10*z - 14*z**2 - 14 - 18*z**2. Let t be h(9). Let a(k) = k**3 + 9*k**2 - 3*k + 3. What is the tens digit of a(t)?
1
Let t(m) = -11*m + 25. Let j(p) = -p + 2. Let v(s) = -6*j(s) - t(s). Let l be v(6). Let y = l + -59. What is the units digit of y?
6
Suppose -801509 = -47*i + 931710. What is the thousands digit of i?
6
Let h = -10543 - -44969. What is the units digit of h?
6
Let g be -3 + 1/2*(26 - 6). Let h be -70 + (3 - g - -6). Let r = h + 108. What is the units digit of r?
0
Suppose 4*a + 2*x - 36974 = -x, 3*x + 37010 = 4*a. What is the units digit of a?
8
Let d(s) be the third derivative of s**5/30 + 17*s